[Thu Sep 17 15:05:22.930777 2026] [security2:error] [pid 955873:tid 956104] [client 85.208.98.202:31804] ModSecurity: Warning. Matched phrase "Semrush" at REQUEST_HEADERS:User-Agent. [file "/opt/mod_security/hg_rules.conf"] [line "168"] [id "350001"] [msg "BAD BOT - Detected LOGGING"] [data "200"] [hostname "www.thevagabondhiker.com"] [uri "/wp-includes/js/jquery/jquery-migrate.min.js"] [unique_id "aqxWEhFTPRVSLOsRVhrxSQAAAW8"]
[Thu Sep 17 15:05:22.933568 2026] [security2:error] [pid 955873:tid 956076] [client 143.244.57.120:45640] ModSecurity: Warning. Operator EQ matched 0 at REQUEST_HEADERS. [file "/opt/mod_security/hg_rules.conf"] [line "1575"] [id "900935"] [msg "Empty User-Agent LOGGING"] [data "301"] [hostname "www.seedboxpress.com"] [uri "/wp-includes/php-ai-client/src/Providers/Http/Traits/wp-includes/php-ai-client/src/Providers/Http/"] [unique_id "aqxWEhFTPRVSLOsRVhrxSwAAAVM"]
[Thu Sep 17 15:05:23.003897 2026] [security2:error] [pid 955873:tid 956010] [client 34.166.129.237:38262] ModSecurity: Access denied with code 406 (phase 2). Pattern match "(?:\\\\b(?:\\\\.(?:ht(?:access|passwd|group)|www_?acl)|global\\\\.asa|httpd\\\\.conf|boot\\\\.ini|web.config)\\\\b|( |^|\\\\.\\\\.)/etc/|/\\\\.(?:history|bash_history|sh_history|env)$)" at REQUEST_FILENAME. [file "/etc/httpd/modsecurity.d/10_asl_rules.conf"] [line "211"] [id "390709"] [rev "30"] [msg "Atomicorp.com WAF Rules: Attempt to access protected file remotely"] [data "/.env"] [severity "CRITICAL"] [hostname "cpanel.chadstall.com"] [uri "/___proxy_subdomain_cpanel/cronlab/.env"] [unique_id "aqxWExFTPRVSLOsRVhrxTQAAARE"]
[Thu Sep 17 15:05:23.011058 2026] [security2:error] [pid 955873:tid 956019] [client 216.24.219.20:63647] ModSecurity: Access denied with code 406 (phase 1). Match of "ipMatch 127.0.0.1" against "REMOTE_ADDR" required. [file "/opt/mod_security/hg_rules.conf"] [line "1463"] [id "909116"] [msg "Golang default UA"] [hostname "sableandox.co.uk"] [uri "/php8.php"] [unique_id "aqxWExFTPRVSLOsRVhrxTgAAARo"]
[Thu Sep 17 15:05:23.028754 2026] [security2:error] [pid 955873:tid 956074] [client 34.154.219.249:56354] ModSecurity: Access denied with code 409 (phase 1). RBL lookup of 249.219.154.34.vulnscan.websitewelcome.com succeeded at REMOTE_ADDR. [file "/opt/mod_security/hg_rules.conf"] [line "1568"] [id "900933"] [msg "Vulnerability Scan RBL: vulnscan.websitewelcome.com"] [hostname "autoconfig.ccrmediator.com"] [uri "/qa/phpinfo.php"] [unique_id "aqxWExFTPRVSLOsRVhrxTwAAAVE"]
[Thu Sep 17 15:05:23.159001 2026] [security2:error] [pid 955873:tid 956127] [client 40.77.167.136:5692] ModSecurity: Warning. Pattern match "301|404|302" at RESPONSE_STATUS. [file "/opt/mod_security/hg_rules.conf"] [line "1572"] [id "900934"] [msg "404 php LOGGING"] [data "301"] [hostname "www.chriswestlake.com"] [uri "/index.php"] [unique_id "aqxWExFTPRVSLOsRVhrxUgABhno"]
[Thu Sep 17 15:05:23.168288 2026] [autoindex:error] [pid 955873:tid 956008] [client 34.178.167.214:53054] AH01276: Cannot serve directory /home1/gscqjxmy/public_html/: No matching DirectoryIndex (index.html.var,index.htm,index.html,index.shtml,index.xhtml,index.wml,index.perl,index.pl,index.plx,index.ppl,index.cgi,index.jsp,index.js,index.jp,index.php4,index.php3,index.php,index.phtml,default.htm,default.html,home.htm,index.php5,Default.html,Default.htm,home.html) found, and server-generated directory index forbidden by Options directive
[Thu Sep 17 15:05:23.252649 2026] [security2:error] [pid 955873:tid 956047] [client 34.166.129.237:38262] ModSecurity: Access denied with code 406 (phase 2). Pattern match "(?:\\\\b(?:\\\\.(?:ht(?:access|passwd|group)|www_?acl)|global\\\\.asa|httpd\\\\.conf|boot\\\\.ini|web.config)\\\\b|( |^|\\\\.\\\\.)/etc/|/\\\\.(?:history|bash_history|sh_history|env)$)" at REQUEST_FILENAME. [file "/etc/httpd/modsecurity.d/10_asl_rules.conf"] [line "211"] [id "390709"] [rev "30"] [msg "Atomicorp.com WAF Rules: Attempt to access protected file remotely"] [data "/.env"] [severity "CRITICAL"] [hostname "cpanel.chadstall.com"] [uri "/___proxy_subdomain_cpanel/cron/.env"] [unique_id "aqxWExFTPRVSLOsRVhrxVAAAATY"]
[Thu Sep 17 15:05:23.265279 2026] [security2:error] [pid 955873:tid 956126] [client 143.244.57.120:42622] ModSecurity: Warning. Pattern match "301|404|302" at RESPONSE_STATUS. [file "/opt/mod_security/hg_rules.conf"] [line "1572"] [id "900934"] [msg "404 php LOGGING"] [data "404"] [hostname "www.seedboxpress.com"] [uri "/index.php"] [unique_id "aqxWExFTPRVSLOsRVhrxUAAAAYU"]
[Thu Sep 17 15:05:23.265304 2026] [security2:error] [pid 955873:tid 956126] [client 143.244.57.120:42622] ModSecurity: Warning. Operator EQ matched 0 at REQUEST_HEADERS. [file "/opt/mod_security/hg_rules.conf"] [line "1575"] [id "900935"] [msg "Empty User-Agent LOGGING"] [data "404"] [hostname "www.seedboxpress.com"] [uri "/index.php"] [unique_id "aqxWExFTPRVSLOsRVhrxUAAAAYU"]
[Thu Sep 17 15:05:23.405162 2026] [security2:error] [pid 955873:tid 956011] [client 143.244.57.120:45640] ModSecurity: Access denied with code 409 (phase 1). RBL lookup of 120.57.244.143.vulnscan.websitewelcome.com succeeded at REMOTE_ADDR. [file "/opt/mod_security/hg_rules.conf"] [line "1568"] [id "900933"] [msg "Vulnerability Scan RBL: vulnscan.websitewelcome.com"] [hostname "www.seedboxpress.com"] [uri "/wp-includes/php-ai-client/src/Providers/Http/Traits/WithHttpTransporterTrait.php"] [unique_id "aqxWExFTPRVSLOsRVhrxWgAAARI"]
[Thu Sep 17 15:05:23.405239 2026] [security2:error] [pid 955873:tid 956011] [client 143.244.57.120:45640] ModSecurity: Warning. Operator EQ matched 0 at REQUEST_HEADERS. [file "/opt/mod_security/hg_rules.conf"] [line "1575"] [id "900935"] [msg "Empty User-Agent LOGGING"] [data "409"] [hostname "www.seedboxpress.com"] [uri "/wp-includes/php-ai-client/src/Providers/Http/Traits/WithHttpTransporterTrait.php"] [unique_id "aqxWExFTPRVSLOsRVhrxWgAAARI"]
[Thu Sep 17 15:05:23.487818 2026] [security2:error] [pid 955873:tid 956065] [client 34.166.129.237:38262] ModSecurity: Access denied with code 406 (phase 2). Pattern match "(?:\\\\b(?:\\\\.(?:ht(?:access|passwd|group)|www_?acl)|global\\\\.asa|httpd\\\\.conf|boot\\\\.ini|web.config)\\\\b|( |^|\\\\.\\\\.)/etc/|/\\\\.(?:history|bash_history|sh_history|env)$)" at REQUEST_FILENAME. [file "/etc/httpd/modsecurity.d/10_asl_rules.conf"] [line "211"] [id "390709"] [rev "30"] [msg "Atomicorp.com WAF Rules: Attempt to access protected file remotely"] [data "/.env"] [severity "CRITICAL"] [hostname "cpanel.chadstall.com"] [uri "/___proxy_subdomain_cpanel/en/.env"] [unique_id "aqxWExFTPRVSLOsRVhrxXAAAAUg"]
[Thu Sep 17 15:05:23.499275 2026] [security2:error] [pid 955873:tid 956086] [client 34.154.219.249:56360] ModSecurity: Access denied with code 409 (phase 1). RBL lookup of 249.219.154.34.vulnscan.websitewelcome.com succeeded at REMOTE_ADDR. [file "/opt/mod_security/hg_rules.conf"] [line "1568"] [id "900933"] [msg "Vulnerability Scan RBL: vulnscan.websitewelcome.com"] [hostname "autoconfig.ccrmediator.com"] [uri "/preview/phpinfo.php"] [unique_id "aqxWExFTPRVSLOsRVhrxXgAAAV0"]
[Thu Sep 17 15:05:23.582417 2026] [security2:error] [pid 955873:tid 956082] [client 127.0.0.1:16106] ModSecurity: Warning. Matched phrase "oBot" at REQUEST_HEADERS:User-Agent. [file "/opt/mod_security/hg_rules.conf"] [line "168"] [id "350001"] [msg "BAD BOT - Detected LOGGING"] [data "200"] [hostname "127.0.0.1"] [uri "/cgi-sys/autoconfig.cgi"] [unique_id "aqxWExFTPRVSLOsRVhrxYAAAAVk"]
[Thu Sep 17 15:05:23.582535 2026] [security2:error] [pid 955873:tid 956042] [client 74.7.228.39:37526] ModSecurity: Warning. Matched phrase "oBot" at REQUEST_HEADERS:User-Agent. [file "/opt/mod_security/hg_rules.conf"] [line "168"] [id "350001"] [msg "BAD BOT - Detected LOGGING"] [data "200"] [hostname "autoconfig.pazcreativehomes.com"] [uri "/robots.txt"] [unique_id "aqxWExFTPRVSLOsRVhrxXwABMXw"]
[Thu Sep 17 15:05:23.682565 2026] [security2:error] [pid 955873:tid 956058] [client 143.244.57.120:45646] ModSecurity: Access denied with code 409 (phase 1). RBL lookup of 120.57.244.143.vulnscan.websitewelcome.com succeeded at REMOTE_ADDR. [file "/opt/mod_security/hg_rules.conf"] [line "1568"] [id "900933"] [msg "Vulnerability Scan RBL: vulnscan.websitewelcome.com"] [hostname "www.seedboxpress.com"] [uri "/wp-includes/php-ai-client/src/Providers/Http/Traits/WithRequestAuthenticationTrait.php"] [unique_id "aqxWExFTPRVSLOsRVhrxZQAAAUE"]
[Thu Sep 17 15:05:23.682985 2026] [security2:error] [pid 955873:tid 956058] [client 143.244.57.120:45646] ModSecurity: Warning. Operator EQ matched 0 at REQUEST_HEADERS. [file "/opt/mod_security/hg_rules.conf"] [line "1575"] [id "900935"] [msg "Empty User-Agent LOGGING"] [data "409"] [hostname "www.seedboxpress.com"] [uri "/wp-includes/php-ai-client/src/Providers/Http/Traits/WithRequestAuthenticationTrait.php"] [unique_id "aqxWExFTPRVSLOsRVhrxZQAAAUE"]
[Thu Sep 17 15:05:23.766515 2026] [security2:error] [pid 955873:tid 956050] [client 34.166.129.237:38262] ModSecurity: Access denied with code 406 (phase 2). Pattern match "(?:\\\\b(?:\\\\.(?:ht(?:access|passwd|group)|www_?acl)|global\\\\.asa|httpd\\\\.conf|boot\\\\.ini|web.config)\\\\b|( |^|\\\\.\\\\.)/etc/|/\\\\.(?:history|bash_history|sh_history|env)$)" at REQUEST_FILENAME. [file "/etc/httpd/modsecurity.d/10_asl_rules.conf"] [line "211"] [id "390709"] [rev "30"] [msg "Atomicorp.com WAF Rules: Attempt to access protected file remotely"] [data "/.env"] [severity "CRITICAL"] [hostname "cpanel.chadstall.com"] [uri "/___proxy_subdomain_cpanel/administrator/.env"] [unique_id "aqxWExFTPRVSLOsRVhrxZgAAATk"]
[Thu Sep 17 15:05:23.962095 2026] [security2:error] [pid 955873:tid 956102] [client 143.244.57.120:45662] ModSecurity: Warning. Operator EQ matched 0 at REQUEST_HEADERS. [file "/opt/mod_security/hg_rules.conf"] [line "1575"] [id "900935"] [msg "Empty User-Agent LOGGING"] [data "301"] [hostname "www.seedboxpress.com"] [uri "/wp-includes/php-ai-client/src/Providers/Http/Util/"] [unique_id "aqxWExFTPRVSLOsRVhrxbAAAAW0"]
[Thu Sep 17 15:05:23.989611 2026] [security2:error] [pid 955873:tid 956075] [client 34.154.219.249:56362] ModSecurity: Access denied with code 409 (phase 1). RBL lookup of 249.219.154.34.vulnscan.websitewelcome.com succeeded at REMOTE_ADDR. [file "/opt/mod_security/hg_rules.conf"] [line "1568"] [id "900933"] [msg "Vulnerability Scan RBL: vulnscan.websitewelcome.com"] [hostname "autoconfig.ccrmediator.com"] [uri "/www/phpinfo.php"] [unique_id "aqxWExFTPRVSLOsRVhrxbQAAAVI"]
[Thu Sep 17 15:05:23.999518 2026] [security2:error] [pid 955873:tid 956092] [client 34.166.129.237:38262] ModSecurity: Access denied with code 406 (phase 2). Pattern match "(?:\\\\b(?:\\\\.(?:ht(?:access|passwd|group)|www_?acl)|global\\\\.asa|httpd\\\\.conf|boot\\\\.ini|web.config)\\\\b|( |^|\\\\.\\\\.)/etc/|/\\\\.(?:history|bash_history|sh_history|env)$)" at REQUEST_FILENAME. [file "/etc/httpd/modsecurity.d/10_asl_rules.conf"] [line "211"] [id "390709"] [rev "30"] [msg "Atomicorp.com WAF Rules: Attempt to access protected file remotely"] [data "/.env"] [severity "CRITICAL"] [hostname "cpanel.chadstall.com"] [uri "/___proxy_subdomain_cpanel/psnlink/.env"] [unique_id "aqxWExFTPRVSLOsRVhrxbgAAAWM"]
[Thu Sep 17 15:05:24.122732 2026] [security2:error] [pid 955873:tid 956107] [client 143.244.57.120:42622] ModSecurity: Warning. Operator EQ matched 0 at REQUEST_HEADERS. [file "/opt/mod_security/hg_rules.conf"] [line "1575"] [id "900935"] [msg "Empty User-Agent LOGGING"] [data "200"] [hostname "www.seedboxpress.com"] [uri "/wp-includes/php-ai-client/src/Providers/Http/Util/"] [unique_id "aqxWFBFTPRVSLOsRVhrxcgAAAXI"]
[Thu Sep 17 15:05:24.231638 2026] [security2:error] [pid 955873:tid 956087] [client 34.166.129.237:38262] ModSecurity: Access denied with code 406 (phase 2). Pattern match "(?:\\\\b(?:\\\\.(?:ht(?:access|passwd|group)|www_?acl)|global\\\\.asa|httpd\\\\.conf|boot\\\\.ini|web.config)\\\\b|( |^|\\\\.\\\\.)/etc/|/\\\\.(?:history|bash_history|sh_history|env)$)" at REQUEST_FILENAME. [file "/etc/httpd/modsecurity.d/10_asl_rules.conf"] [line "211"] [id "390709"] [rev "30"] [msg "Atomicorp.com WAF Rules: Attempt to access protected file remotely"] [data "/.env"] [severity "CRITICAL"] [hostname "cpanel.chadstall.com"] [uri "/___proxy_subdomain_cpanel/exapi/.env"] [unique_id "aqxWFBFTPRVSLOsRVhrxcwAAAV4"]
[Thu Sep 17 15:05:24.260967 2026] [security2:error] [pid 955873:tid 956105] [client 143.244.57.120:45662] ModSecurity: Warning. Operator EQ matched 0 at REQUEST_HEADERS. [file "/opt/mod_security/hg_rules.conf"] [line "1575"] [id "900935"] [msg "Empty User-Agent LOGGING"] [data "301"] [hostname "www.seedboxpress.com"] [uri "/wp-includes/php-ai-client/src/Providers/Http/Util/wp-includes/php-ai-client/src/Providers/Http/"] [unique_id "aqxWFBFTPRVSLOsRVhrxdQAAAXA"]
[Thu Sep 17 15:05:24.461508 2026] [security2:error] [pid 955873:tid 956078] [client 34.154.219.249:56366] ModSecurity: Access denied with code 409 (phase 1). RBL lookup of 249.219.154.34.vulnscan.websitewelcome.com succeeded at REMOTE_ADDR. [file "/opt/mod_security/hg_rules.conf"] [line "1568"] [id "900933"] [msg "Vulnerability Scan RBL: vulnscan.websitewelcome.com"] [hostname "autoconfig.ccrmediator.com"] [uri "/htdocs/phpinfo.php"] [unique_id "aqxWFBFTPRVSLOsRVhrxfQAAAVU"]
[Thu Sep 17 15:05:24.545256 2026] [security2:error] [pid 955873:tid 956015] [client 34.166.129.237:38262] ModSecurity: Access denied with code 406 (phase 2). Pattern match "(?:\\\\b(?:\\\\.(?:ht(?:access|passwd|group)|www_?acl)|global\\\\.asa|httpd\\\\.conf|boot\\\\.ini|web.config)\\\\b|( |^|\\\\.\\\\.)/etc/|/\\\\.(?:history|bash_history|sh_history|env)$)" at REQUEST_FILENAME. [file "/etc/httpd/modsecurity.d/10_asl_rules.conf"] [line "211"] [id "390709"] [rev "30"] [msg "Atomicorp.com WAF Rules: Attempt to access protected file remotely"] [data "/.env"] [severity "CRITICAL"] [hostname "cpanel.chadstall.com"] [uri "/___proxy_subdomain_cpanel/sitemaps/.env"] [unique_id "aqxWFBFTPRVSLOsRVhrxgQAAARY"]
[Thu Sep 17 15:05:24.592420 2026] [security2:error] [pid 955873:tid 956103] [client 143.244.57.120:42622] ModSecurity: Warning. Pattern match "301|404|302" at RESPONSE_STATUS. [file "/opt/mod_security/hg_rules.conf"] [line "1572"] [id "900934"] [msg "404 php LOGGING"] [data "404"] [hostname "www.seedboxpress.com"] [uri "/index.php"] [unique_id "aqxWFBFTPRVSLOsRVhrxewAAAW4"]
[Thu Sep 17 15:05:24.592441 2026] [security2:error] [pid 955873:tid 956103] [client 143.244.57.120:42622] ModSecurity: Warning. Operator EQ matched 0 at REQUEST_HEADERS. [file "/opt/mod_security/hg_rules.conf"] [line "1575"] [id "900935"] [msg "Empty User-Agent LOGGING"] [data "404"] [hostname "www.seedboxpress.com"] [uri "/index.php"] [unique_id "aqxWFBFTPRVSLOsRVhrxewAAAW4"]
[Thu Sep 17 15:05:24.733287 2026] [security2:error] [pid 955873:tid 956020] [client 143.244.57.120:45662] ModSecurity: Access denied with code 409 (phase 1). RBL lookup of 120.57.244.143.vulnscan.websitewelcome.com succeeded at REMOTE_ADDR. [file "/opt/mod_security/hg_rules.conf"] [line "1568"] [id "900933"] [msg "Vulnerability Scan RBL: vulnscan.websitewelcome.com"] [hostname "www.seedboxpress.com"] [uri "/wp-includes/php-ai-client/src/Providers/Http/Util/ErrorMessageExtractor.php"] [unique_id "aqxWFBFTPRVSLOsRVhrxhgAAARs"]
[Thu Sep 17 15:05:24.733363 2026] [security2:error] [pid 955873:tid 956020] [client 143.244.57.120:45662] ModSecurity: Warning. Operator EQ matched 0 at REQUEST_HEADERS. [file "/opt/mod_security/hg_rules.conf"] [line "1575"] [id "900935"] [msg "Empty User-Agent LOGGING"] [data "409"] [hostname "www.seedboxpress.com"] [uri "/wp-includes/php-ai-client/src/Providers/Http/Util/ErrorMessageExtractor.php"] [unique_id "aqxWFBFTPRVSLOsRVhrxhgAAARs"]
[Thu Sep 17 15:05:24.835173 2026] [autoindex:error] [pid 955873:tid 956106] [client 139.28.219.68:0] AH01276: Cannot serve directory /home3/ncfwbqmy/public_html/wp-content/uploads/: No matching DirectoryIndex (index.html.var,index.htm,index.html,index.shtml,index.xhtml,index.wml,index.perl,index.pl,index.plx,index.ppl,index.cgi,index.jsp,index.js,index.jp,index.php4,index.php3,index.php,index.phtml,default.htm,default.html,home.htm,index.php5,Default.html,Default.htm,home.html) found, and server-generated directory index forbidden by Options directive
[Thu Sep 17 15:05:24.835622 2026] [security2:error] [pid 955873:tid 956106] [client 139.28.219.68:0] ModSecurity: Warning. Operator EQ matched 0 at REQUEST_HEADERS. [file "/opt/mod_security/hg_rules.conf"] [line "1575"] [id "900935"] [msg "Empty User-Agent LOGGING"] [data "404"] [hostname "ncf.wbq.mybluehost.me"] [uri "/cgi-sys/403.html"] [unique_id "aqxWFBFTPRVSLOsRVhrxkAAAAXE"]
[Thu Sep 17 15:05:24.837208 2026] [security2:error] [pid 955873:tid 956031] [client 139.28.219.68:60668] ModSecurity: Warning. Operator EQ matched 0 at REQUEST_HEADERS. [file "/opt/mod_security/hg_rules.conf"] [line "1575"] [id "900935"] [msg "Empty User-Agent LOGGING"] [data "403"] [hostname "ncf.wbq.mybluehost.me"] [uri "/wp-content/uploads/"] [unique_id "aqxWFBFTPRVSLOsRVhrxjgAAASY"]
[Thu Sep 17 15:05:24.934018 2026] [security2:error] [pid 955873:tid 956018] [client 34.154.219.249:56382] ModSecurity: Access denied with code 409 (phase 1). RBL lookup of 249.219.154.34.vulnscan.websitewelcome.com succeeded at REMOTE_ADDR. [file "/opt/mod_security/hg_rules.conf"] [line "1568"] [id "900933"] [msg "Vulnerability Scan RBL: vulnscan.websitewelcome.com"] [hostname "autoconfig.ccrmediator.com"] [uri "/public_html/phpinfo.php"] [unique_id "aqxWFBFTPRVSLOsRVhrxlgAAARk"]
[Thu Sep 17 15:05:24.934867 2026] [security2:error] [pid 955873:tid 956007] [client 34.178.167.214:53054] ModSecurity: Access denied with code 406 (phase 2). Pattern match "(?:\\\\b(?:\\\\.(?:ht(?:access|passwd|group)|www_?acl)|global\\\\.asa|httpd\\\\.conf|boot\\\\.ini|web.config)\\\\b|( |^|\\\\.\\\\.)/etc/|/\\\\.(?:history|bash_history|sh_history|env)$)" at REQUEST_FILENAME. [file "/etc/httpd/modsecurity.d/10_asl_rules.conf"] [line "211"] [id "390709"] [rev "30"] [msg "Atomicorp.com WAF Rules: Attempt to access protected file remotely"] [data "/.env"] [severity "CRITICAL"] [hostname "gsc.qjx.mybluehost.me"] [uri "/.env"] [unique_id "aqxWFBFTPRVSLOsRVhrxlQAAAQ4"]
[Thu Sep 17 15:05:25.036940 2026] [autoindex:error] [pid 955873:tid 956003] [client 139.28.219.68:0] AH01276: Cannot serve directory /home3/ncfwbqmy/public_html/wp-includes/: No matching DirectoryIndex (index.html.var,index.htm,index.html,index.shtml,index.xhtml,index.wml,index.perl,index.pl,index.plx,index.ppl,index.cgi,index.jsp,index.js,index.jp,index.php4,index.php3,index.php,index.phtml,default.htm,default.html,home.htm,index.php5,Default.html,Default.htm,home.html) found, and server-generated directory index forbidden by Options directive
[Thu Sep 17 15:05:25.037391 2026] [security2:error] [pid 955873:tid 956003] [client 139.28.219.68:0] ModSecurity: Warning. Operator EQ matched 0 at REQUEST_HEADERS. [file "/opt/mod_security/hg_rules.conf"] [line "1575"] [id "900935"] [msg "Empty User-Agent LOGGING"] [data "404"] [hostname "ncf.wbq.mybluehost.me"] [uri "/cgi-sys/403.html"] [unique_id "aqxWFRFTPRVSLOsRVhrxmwAAAQo"]
[Thu Sep 17 15:05:25.043634 2026] [security2:error] [pid 955873:tid 956044] [client 143.244.57.120:45664] ModSecurity: Access denied with code 409 (phase 1). RBL lookup of 120.57.244.143.vulnscan.websitewelcome.com succeeded at REMOTE_ADDR. [file "/opt/mod_security/hg_rules.conf"] [line "1568"] [id "900933"] [msg "Vulnerability Scan RBL: vulnscan.websitewelcome.com"] [hostname "www.seedboxpress.com"] [uri "/wp-includes/php-ai-client/src/Providers/Http/Util/ResponseUtil.php"] [unique_id "aqxWFRFTPRVSLOsRVhrxnAAAATM"]
[Thu Sep 17 15:05:25.043737 2026] [security2:error] [pid 955873:tid 956044] [client 143.244.57.120:45664] ModSecurity: Warning. Operator EQ matched 0 at REQUEST_HEADERS. [file "/opt/mod_security/hg_rules.conf"] [line "1575"] [id "900935"] [msg "Empty User-Agent LOGGING"] [data "409"] [hostname "www.seedboxpress.com"] [uri "/wp-includes/php-ai-client/src/Providers/Http/Util/ResponseUtil.php"] [unique_id "aqxWFRFTPRVSLOsRVhrxnAAAATM"]
[Thu Sep 17 15:05:25.044257 2026] [security2:error] [pid 955873:tid 956019] [client 139.28.219.68:60668] ModSecurity: Warning. Operator EQ matched 0 at REQUEST_HEADERS. [file "/opt/mod_security/hg_rules.conf"] [line "1575"] [id "900935"] [msg "Empty User-Agent LOGGING"] [data "403"] [hostname "ncf.wbq.mybluehost.me"] [uri "/wp-includes/"] [unique_id "aqxWFBFTPRVSLOsRVhrxmQAAARo"]
[Thu Sep 17 15:05:25.095033 2026] [authz_core:error] [pid 955873:tid 956010] [client 4.240.114.86:58652] AH01630: client denied by server configuration: /home2/reedartg/public_html/reedcustomprinting/wp-admin/includes/error_log, referer: binance.com
[Thu Sep 17 15:05:25.205869 2026] [security2:error] [pid 955873:tid 956047] [client 216.73.163.45:42053] ModSecurity: Access denied with code 409 (phase 1). RBL lookup of 45.163.73.216.vulnscan.websitewelcome.com succeeded at REMOTE_ADDR. [file "/opt/mod_security/hg_rules.conf"] [line "1568"] [id "900933"] [msg "Vulnerability Scan RBL: vulnscan.websitewelcome.com"] [hostname "www.adventuresofapril.com"] [uri "/wp-login.php"] [unique_id "aqxWFRFTPRVSLOsRVhrxoQAAATY"], referer: https://adventuresofapril.com/wp-admin/
[Thu Sep 17 15:05:25.289369 2026] [autoindex:error] [pid 955873:tid 956063] [client 139.28.219.68:0] AH01276: Cannot serve directory /home3/ncfwbqmy/public_html/wp-includes/css/: No matching DirectoryIndex (index.html.var,index.htm,index.html,index.shtml,index.xhtml,index.wml,index.perl,index.pl,index.plx,index.ppl,index.cgi,index.jsp,index.js,index.jp,index.php4,index.php3,index.php,index.phtml,default.htm,default.html,home.htm,index.php5,Default.html,Default.htm,home.html) found, and server-generated directory index forbidden by Options directive
[Thu Sep 17 15:05:25.289828 2026] [security2:error] [pid 955873:tid 956063] [client 139.28.219.68:0] ModSecurity: Warning. Operator EQ matched 0 at REQUEST_HEADERS. [file "/opt/mod_security/hg_rules.conf"] [line "1575"] [id "900935"] [msg "Empty User-Agent LOGGING"] [data "404"] [hostname "ncf.wbq.mybluehost.me"] [uri "/cgi-sys/403.html"] [unique_id "aqxWFRFTPRVSLOsRVhrxqAAAAUY"]
[Thu Sep 17 15:05:25.303485 2026] [security2:error] [pid 955873:tid 956032] [client 139.28.219.68:60668] ModSecurity: Warning. Operator EQ matched 0 at REQUEST_HEADERS. [file "/opt/mod_security/hg_rules.conf"] [line "1575"] [id "900935"] [msg "Empty User-Agent LOGGING"] [data "403"] [hostname "ncf.wbq.mybluehost.me"] [uri "/wp-includes/css/"] [unique_id "aqxWFRFTPRVSLOsRVhrxpQAAASc"]
[Thu Sep 17 15:05:25.323683 2026] [security2:error] [pid 955873:tid 956122] [client 143.244.57.120:45678] ModSecurity: Warning. Operator EQ matched 0 at REQUEST_HEADERS. [file "/opt/mod_security/hg_rules.conf"] [line "1575"] [id "900935"] [msg "Empty User-Agent LOGGING"] [data "301"] [hostname "www.seedboxpress.com"] [uri "/wp-includes/php-ai-client/src/Providers/Models/"] [unique_id "aqxWFRFTPRVSLOsRVhrxqwAAAYE"]
[Thu Sep 17 15:05:25.324006 2026] [security2:error] [pid 955873:tid 956115] [client 34.166.129.237:38262] ModSecurity: Access denied with code 406 (phase 2). Pattern match "(?:\\\\b(?:\\\\.(?:ht(?:access|passwd|group)|www_?acl)|global\\\\.asa|httpd\\\\.conf|boot\\\\.ini|web.config)\\\\b|( |^|\\\\.\\\\.)/etc/|/\\\\.(?:history|bash_history|sh_history|env)$)" at REQUEST_FILENAME. [file "/etc/httpd/modsecurity.d/10_asl_rules.conf"] [line "211"] [id "390709"] [rev "30"] [msg "Atomicorp.com WAF Rules: Attempt to access protected file remotely"] [data "/.env"] [severity "CRITICAL"] [hostname "cpanel.chadstall.com"] [uri "/___proxy_subdomain_cpanel/logs/.env"] [unique_id "aqxWFRFTPRVSLOsRVhrxqgAAAXo"]
[Thu Sep 17 15:05:25.393146 2026] [security2:error] [pid 955873:tid 956011] [client 34.154.219.249:56390] ModSecurity: Access denied with code 409 (phase 1). RBL lookup of 249.219.154.34.vulnscan.websitewelcome.com succeeded at REMOTE_ADDR. [file "/opt/mod_security/hg_rules.conf"] [line "1568"] [id "900933"] [msg "Vulnerability Scan RBL: vulnscan.websitewelcome.com"] [hostname "autoconfig.ccrmediator.com"] [uri "/site/phpinfo.php"] [unique_id "aqxWFRFTPRVSLOsRVhrxrAAAARI"]
[Thu Sep 17 15:05:25.412448 2026] [security2:error] [pid 955873:tid 956126] [client 185.55.149.49:56772] ModSecurity: Access denied with code 409 (phase 1). RBL lookup of 49.149.55.185.testwprbl.websitewelcome.com succeeded at REMOTE_ADDR. [file "/opt/mod_security/hg_rules.conf"] [line "176"] [id "900407"] [msg "Wordpress and Joomla Brute RBL: testwprbl.websitewelcome.com"] [hostname "arhitecturabuzau.ro"] [uri "/xmlrpc.php"] [unique_id "aqxWFRFTPRVSLOsRVhrxrQAAAYU"]
[Thu Sep 17 15:05:25.412558 2026] [security2:error] [pid 955873:tid 956126] [client 185.55.149.49:56772] ModSecurity: Warning. Pattern match "POST" at REQUEST_METHOD. [file "/opt/mod_security/hg_rules.conf"] [line "151"] [id "900405"] [msg "xmlrpc POST logging"] [data "409"] [hostname "arhitecturabuzau.ro"] [uri "/xmlrpc.php"] [unique_id "aqxWFRFTPRVSLOsRVhrxrQAAAYU"]
[Thu Sep 17 15:05:25.498099 2026] [autoindex:error] [pid 955873:tid 956121] [client 139.28.219.68:0] AH01276: Cannot serve directory /home3/ncfwbqmy/public_html/wp-includes/ID3/: No matching DirectoryIndex (index.html.var,index.htm,index.html,index.shtml,index.xhtml,index.wml,index.perl,index.pl,index.plx,index.ppl,index.cgi,index.jsp,index.js,index.jp,index.php4,index.php3,index.php,index.phtml,default.htm,default.html,home.htm,index.php5,Default.html,Default.htm,home.html) found, and server-generated directory index forbidden by Options directive
[Thu Sep 17 15:05:25.498547 2026] [security2:error] [pid 955873:tid 956121] [client 139.28.219.68:0] ModSecurity: Warning. Operator EQ matched 0 at REQUEST_HEADERS. [file "/opt/mod_security/hg_rules.conf"] [line "1575"] [id "900935"] [msg "Empty User-Agent LOGGING"] [data "404"] [hostname "ncf.wbq.mybluehost.me"] [uri "/cgi-sys/403.html"] [unique_id "aqxWFRFTPRVSLOsRVhrxswAAAYA"]
[Thu Sep 17 15:05:25.527154 2026] [security2:error] [pid 955873:tid 956082] [client 143.244.57.120:42622] ModSecurity: Warning. Operator EQ matched 0 at REQUEST_HEADERS. [file "/opt/mod_security/hg_rules.conf"] [line "1575"] [id "900935"] [msg "Empty User-Agent LOGGING"] [data "200"] [hostname "www.seedboxpress.com"] [uri "/wp-includes/php-ai-client/src/Providers/Models/"] [unique_id "aqxWFRFTPRVSLOsRVhrxsAAAAVk"]
[Thu Sep 17 15:05:25.531349 2026] [security2:error] [pid 955873:tid 956042] [client 139.28.219.68:60668] ModSecurity: Warning. Operator EQ matched 0 at REQUEST_HEADERS. [file "/opt/mod_security/hg_rules.conf"] [line "1575"] [id "900935"] [msg "Empty User-Agent LOGGING"] [data "403"] [hostname "ncf.wbq.mybluehost.me"] [uri "/wp-includes/ID3/"] [unique_id "aqxWFRFTPRVSLOsRVhrxsQAAATE"]
[Thu Sep 17 15:05:25.666766 2026] [security2:error] [pid 955873:tid 956098] [client 143.244.57.120:45678] ModSecurity: Warning. Operator EQ matched 0 at REQUEST_HEADERS. [file "/opt/mod_security/hg_rules.conf"] [line "1575"] [id "900935"] [msg "Empty User-Agent LOGGING"] [data "301"] [hostname "www.seedboxpress.com"] [uri "/wp-includes/php-ai-client/src/Providers/Models/wp-includes/php-ai-client/src/Providers/"] [unique_id "aqxWFRFTPRVSLOsRVhrxuAAAAWk"]
[Thu Sep 17 15:05:25.733855 2026] [autoindex:error] [pid 955873:tid 956014] [client 139.28.219.68:0] AH01276: Cannot serve directory /home3/ncfwbqmy/public_html/wp-includes/IXR/: No matching DirectoryIndex (index.html.var,index.htm,index.html,index.shtml,index.xhtml,index.wml,index.perl,index.pl,index.plx,index.ppl,index.cgi,index.jsp,index.js,index.jp,index.php4,index.php3,index.php,index.phtml,default.htm,default.html,home.htm,index.php5,Default.html,Default.htm,home.html) found, and server-generated directory index forbidden by Options directive
[Thu Sep 17 15:05:25.734539 2026] [security2:error] [pid 955873:tid 956014] [client 139.28.219.68:0] ModSecurity: Warning. Operator EQ matched 0 at REQUEST_HEADERS. [file "/opt/mod_security/hg_rules.conf"] [line "1575"] [id "900935"] [msg "Empty User-Agent LOGGING"] [data "404"] [hostname "ncf.wbq.mybluehost.me"] [uri "/cgi-sys/403.html"] [unique_id "aqxWFRFTPRVSLOsRVhrxvgAAARU"]
[Thu Sep 17 15:05:25.795498 2026] [security2:error] [pid 955873:tid 956084] [client 139.28.219.68:60668] ModSecurity: Warning. Operator EQ matched 0 at REQUEST_HEADERS. [file "/opt/mod_security/hg_rules.conf"] [line "1575"] [id "900935"] [msg "Empty User-Agent LOGGING"] [data "403"] [hostname "ncf.wbq.mybluehost.me"] [uri "/wp-includes/IXR/"] [unique_id "aqxWFRFTPRVSLOsRVhrxuwAAAVs"]
[Thu Sep 17 15:05:25.880450 2026] [security2:error] [pid 955873:tid 956016] [client 34.154.219.249:56398] ModSecurity: Access denied with code 409 (phase 1). RBL lookup of 249.219.154.34.vulnscan.websitewelcome.com succeeded at REMOTE_ADDR. [file "/opt/mod_security/hg_rules.conf"] [line "1568"] [id "900933"] [msg "Vulnerability Scan RBL: vulnscan.websitewelcome.com"] [hostname "autoconfig.ccrmediator.com"] [uri "/docs/phpinfo.php"] [unique_id "aqxWFRFTPRVSLOsRVhrxxAAAARc"]
[Thu Sep 17 15:05:25.970610 2026] [security2:error] [pid 955873:tid 956117] [client 168.119.53.160:48122] ModSecurity: Warning. Matched phrase "oBot" at REQUEST_HEADERS:User-Agent. [file "/opt/mod_security/hg_rules.conf"] [line "168"] [id "350001"] [msg "BAD BOT - Detected LOGGING"] [data "200"] [hostname "i.am.tengushee.com"] [uri "/index.html"] [unique_id "aqxWFRFTPRVSLOsRVhrxywAAAXw"], referer: http://i.am.tengushee.com
[Thu Sep 17 15:05:26.022602 2026] [security2:error] [pid 955873:tid 956006] [client 34.166.129.237:58512] ModSecurity: Access denied with code 406 (phase 2). Pattern match "(?:\\\\b(?:\\\\.(?:ht(?:access|passwd|group)|www_?acl)|global\\\\.asa|httpd\\\\.conf|boot\\\\.ini|web.config)\\\\b|( |^|\\\\.\\\\.)/etc/|/\\\\.(?:history|bash_history|sh_history|env)$)" at REQUEST_FILENAME. [file "/etc/httpd/modsecurity.d/10_asl_rules.conf"] [line "211"] [id "390709"] [rev "30"] [msg "Atomicorp.com WAF Rules: Attempt to access protected file remotely"] [data "/.env"] [severity "CRITICAL"] [hostname "cpanel.chadstall.com"] [uri "/___proxy_subdomain_cpanel/cache/.env"] [unique_id "aqxWFhFTPRVSLOsRVhrxzwAAAQ0"]
[Thu Sep 17 15:05:26.036357 2026] [autoindex:error] [pid 955873:tid 956109] [client 139.28.219.68:0] AH01276: Cannot serve directory /home3/ncfwbqmy/public_html/wp-includes/Requests/: No matching DirectoryIndex (index.html.var,index.htm,index.html,index.shtml,index.xhtml,index.wml,index.perl,index.pl,index.plx,index.ppl,index.cgi,index.jsp,index.js,index.jp,index.php4,index.php3,index.php,index.phtml,default.htm,default.html,home.htm,index.php5,Default.html,Default.htm,home.html) found, and server-generated directory index forbidden by Options directive
[Thu Sep 17 15:05:26.037007 2026] [security2:error] [pid 955873:tid 956109] [client 139.28.219.68:0] ModSecurity: Warning. Operator EQ matched 0 at REQUEST_HEADERS. [file "/opt/mod_security/hg_rules.conf"] [line "1575"] [id "900935"] [msg "Empty User-Agent LOGGING"] [data "404"] [hostname "ncf.wbq.mybluehost.me"] [uri "/cgi-sys/403.html"] [unique_id "aqxWFhFTPRVSLOsRVhrxzgAAAXQ"]
[Thu Sep 17 15:05:26.038127 2026] [security2:error] [pid 955873:tid 956095] [client 143.244.57.120:42622] ModSecurity: Warning. Pattern match "301|404|302" at RESPONSE_STATUS. [file "/opt/mod_security/hg_rules.conf"] [line "1572"] [id "900934"] [msg "404 php LOGGING"] [data "404"] [hostname "www.seedboxpress.com"] [uri "/index.php"] [unique_id "aqxWFRFTPRVSLOsRVhrxwwAAAWY"]
[Thu Sep 17 15:05:26.038145 2026] [security2:error] [pid 955873:tid 956095] [client 143.244.57.120:42622] ModSecurity: Warning. Operator EQ matched 0 at REQUEST_HEADERS. [file "/opt/mod_security/hg_rules.conf"] [line "1575"] [id "900935"] [msg "Empty User-Agent LOGGING"] [data "404"] [hostname "www.seedboxpress.com"] [uri "/index.php"] [unique_id "aqxWFRFTPRVSLOsRVhrxwwAAAWY"]
[Thu Sep 17 15:05:26.038669 2026] [security2:error] [pid 955873:tid 956081] [client 139.28.219.68:60668] ModSecurity: Warning. Operator EQ matched 0 at REQUEST_HEADERS. [file "/opt/mod_security/hg_rules.conf"] [line "1575"] [id "900935"] [msg "Empty User-Agent LOGGING"] [data "403"] [hostname "ncf.wbq.mybluehost.me"] [uri "/wp-includes/Requests/"] [unique_id "aqxWFRFTPRVSLOsRVhrxxwAAAVg"]
[Thu Sep 17 15:05:26.187640 2026] [security2:error] [pid 955873:tid 956129] [client 143.244.57.120:45678] ModSecurity: Warning. Operator EQ matched 0 at REQUEST_HEADERS. [file "/opt/mod_security/hg_rules.conf"] [line "1575"] [id "900935"] [msg "Empty User-Agent LOGGING"] [data "301"] [hostname "www.seedboxpress.com"] [uri "/wp-includes/php-ai-client/src/Providers/Models/Contracts/"] [unique_id "aqxWFhFTPRVSLOsRVhrx0QAAAYg"]
[Thu Sep 17 15:05:26.253506 2026] [security2:error] [pid 955873:tid 956031] [client 34.166.129.237:58512] ModSecurity: Access denied with code 406 (phase 2). Pattern match "(?:\\\\b(?:\\\\.(?:ht(?:access|passwd|group)|www_?acl)|global\\\\.asa|httpd\\\\.conf|boot\\\\.ini|web.config)\\\\b|( |^|\\\\.\\\\.)/etc/|/\\\\.(?:history|bash_history|sh_history|env)$)" at REQUEST_FILENAME. [file "/etc/httpd/modsecurity.d/10_asl_rules.conf"] [line "211"] [id "390709"] [rev "30"] [msg "Atomicorp.com WAF Rules: Attempt to access protected file remotely"] [data "/.env"] [severity "CRITICAL"] [hostname "cpanel.chadstall.com"] [uri "/___proxy_subdomain_cpanel/mailer/.env"] [unique_id "aqxWFhFTPRVSLOsRVhrx2QAAASY"]
[Thu Sep 17 15:05:26.261377 2026] [autoindex:error] [pid 955873:tid 956077] [client 139.28.219.68:0] AH01276: Cannot serve directory /home3/ncfwbqmy/public_html/wp-includes/SimplePie/: No matching DirectoryIndex (index.html.var,index.htm,index.html,index.shtml,index.xhtml,index.wml,index.perl,index.pl,index.plx,index.ppl,index.cgi,index.jsp,index.js,index.jp,index.php4,index.php3,index.php,index.phtml,default.htm,default.html,home.htm,index.php5,Default.html,Default.htm,home.html) found, and server-generated directory index forbidden by Options directive
[Thu Sep 17 15:05:26.261843 2026] [security2:error] [pid 955873:tid 956077] [client 139.28.219.68:0] ModSecurity: Warning. Operator EQ matched 0 at REQUEST_HEADERS. [file "/opt/mod_security/hg_rules.conf"] [line "1575"] [id "900935"] [msg "Empty User-Agent LOGGING"] [data "404"] [hostname "ncf.wbq.mybluehost.me"] [uri "/cgi-sys/403.html"] [unique_id "aqxWFhFTPRVSLOsRVhrx2AAAAVQ"]
[Thu Sep 17 15:05:26.284862 2026] [security2:error] [pid 955873:tid 956085] [client 139.28.219.68:60668] ModSecurity: Warning. Operator EQ matched 0 at REQUEST_HEADERS. [file "/opt/mod_security/hg_rules.conf"] [line "1575"] [id "900935"] [msg "Empty User-Agent LOGGING"] [data "403"] [hostname "ncf.wbq.mybluehost.me"] [uri "/wp-includes/SimplePie/"] [unique_id "aqxWFhFTPRVSLOsRVhrx0wAAAVw"]
[Thu Sep 17 15:05:26.352555 2026] [security2:error] [pid 955873:tid 956009] [client 143.244.57.120:42622] ModSecurity: Warning. Operator EQ matched 0 at REQUEST_HEADERS. [file "/opt/mod_security/hg_rules.conf"] [line "1575"] [id "900935"] [msg "Empty User-Agent LOGGING"] [data "200"] [hostname "www.seedboxpress.com"] [uri "/wp-includes/php-ai-client/src/Providers/Models/Contracts/"] [unique_id "aqxWFhFTPRVSLOsRVhrx3QAAARA"]
[Thu Sep 17 15:05:26.377625 2026] [security2:error] [pid 955873:tid 956069] [client 34.154.219.249:56410] ModSecurity: Access denied with code 409 (phase 1). RBL lookup of 249.219.154.34.vulnscan.websitewelcome.com succeeded at REMOTE_ADDR. [file "/opt/mod_security/hg_rules.conf"] [line "1568"] [id "900933"] [msg "Vulnerability Scan RBL: vulnscan.websitewelcome.com"] [hostname "autoconfig.ccrmediator.com"] [uri "/wp-admin/phpinfo.php"] [unique_id "aqxWFhFTPRVSLOsRVhrx3gAAAUw"]
[Thu Sep 17 15:05:26.481585 2026] [security2:error] [pid 955873:tid 956019] [client 34.166.129.237:58512] ModSecurity: Access denied with code 406 (phase 2). Pattern match "(?:\\\\b(?:\\\\.(?:ht(?:access|passwd|group)|www_?acl)|global\\\\.asa|httpd\\\\.conf|boot\\\\.ini|web.config)\\\\b|( |^|\\\\.\\\\.)/etc/|/\\\\.(?:history|bash_history|sh_history|env)$)" at REQUEST_FILENAME. [file "/etc/httpd/modsecurity.d/10_asl_rules.conf"] [line "211"] [id "390709"] [rev "30"] [msg "Atomicorp.com WAF Rules: Attempt to access protected file remotely"] [data "/.env"] [severity "CRITICAL"] [hostname "cpanel.chadstall.com"] [uri "/___proxy_subdomain_cpanel/mail/.env"] [unique_id "aqxWFhFTPRVSLOsRVhrx4wAAARo"]
[Thu Sep 17 15:05:26.516249 2026] [security2:error] [pid 955873:tid 956112] [client 143.244.57.120:45678] ModSecurity: Warning. Operator EQ matched 0 at REQUEST_HEADERS. [file "/opt/mod_security/hg_rules.conf"] [line "1575"] [id "900935"] [msg "Empty User-Agent LOGGING"] [data "301"] [hostname "www.seedboxpress.com"] [uri "/wp-includes/php-ai-client/src/Providers/Models/Contracts/wp-includes/php-ai-client/src/Providers/Models/"] [unique_id "aqxWFhFTPRVSLOsRVhrx5gAAAXc"]
[Thu Sep 17 15:05:26.528863 2026] [autoindex:error] [pid 955873:tid 956049] [client 139.28.219.68:0] AH01276: Cannot serve directory /home3/ncfwbqmy/public_html/wp-includes/Text/: No matching DirectoryIndex (index.html.var,index.htm,index.html,index.shtml,index.xhtml,index.wml,index.perl,index.pl,index.plx,index.ppl,index.cgi,index.jsp,index.js,index.jp,index.php4,index.php3,index.php,index.phtml,default.htm,default.html,home.htm,index.php5,Default.html,Default.htm,home.html) found, and server-generated directory index forbidden by Options directive
[Thu Sep 17 15:05:26.529319 2026] [security2:error] [pid 955873:tid 956049] [client 139.28.219.68:0] ModSecurity: Warning. Operator EQ matched 0 at REQUEST_HEADERS. [file "/opt/mod_security/hg_rules.conf"] [line "1575"] [id "900935"] [msg "Empty User-Agent LOGGING"] [data "404"] [hostname "ncf.wbq.mybluehost.me"] [uri "/cgi-sys/403.html"] [unique_id "aqxWFhFTPRVSLOsRVhrx5QAAATg"]
[Thu Sep 17 15:05:26.547315 2026] [security2:error] [pid 955873:tid 956003] [client 139.28.219.68:60668] ModSecurity: Warning. Operator EQ matched 0 at REQUEST_HEADERS. [file "/opt/mod_security/hg_rules.conf"] [line "1575"] [id "900935"] [msg "Empty User-Agent LOGGING"] [data "403"] [hostname "ncf.wbq.mybluehost.me"] [uri "/wp-includes/Text/"] [unique_id "aqxWFhFTPRVSLOsRVhrx3wAAAQo"]
[Thu Sep 17 15:05:26.695858 2026] [security2:error] [pid 955873:tid 955886] [remote 216.73.217.142:14717] ModSecurity: Access denied with code 409 (phase 1). RBL lookup of 142.217.73.216.vulnscan.websitewelcome.com succeeded at REMOTE_ADDR. [file "/opt/mod_security/hg_rules.conf"] [line "1568"] [id "900933"] [msg "Vulnerability Scan RBL: vulnscan.websitewelcome.com"] [hostname "zphiblgz.org"] [uri "/tqn/sitemap_product_109.xml"] [unique_id "aqxWFhFTPRVSLOsRVhrx6wABXQw"]
[Thu Sep 17 15:05:26.720672 2026] [security2:error] [pid 955873:tid 956072] [client 34.166.129.237:58512] ModSecurity: Access denied with code 406 (phase 2). Pattern match "(?:\\\\b(?:\\\\.(?:ht(?:access|passwd|group)|www_?acl)|global\\\\.asa|httpd\\\\.conf|boot\\\\.ini|web.config)\\\\b|( |^|\\\\.\\\\.)/etc/|/\\\\.(?:history|bash_history|sh_history|env)$)" at REQUEST_FILENAME. [file "/etc/httpd/modsecurity.d/10_asl_rules.conf"] [line "211"] [id "390709"] [rev "30"] [msg "Atomicorp.com WAF Rules: Attempt to access protected file remotely"] [data "/.env"] [severity "CRITICAL"] [hostname "cpanel.chadstall.com"] [uri "/___proxy_subdomain_cpanel/email/.env"] [unique_id "aqxWFhFTPRVSLOsRVhrx7gAAAU8"]
[Thu Sep 17 15:05:26.791277 2026] [security2:error] [pid 955873:tid 956124] [client 34.178.167.214:53054] ModSecurity: Access denied with code 406 (phase 2). Pattern match "(?:\\\\.bak|\\\\.bak\\\\.php)$" at REQUEST_FILENAME. [file "/etc/httpd/modsecurity.d/10_asl_rules.conf"] [line "1260"] [id "390582"] [rev "2"] [msg "Atomicorp.com WAF Rules: Attack Blocked -  Data leakage - attempt to access backup file (disable this rule if you require access to files that nclude .bak)"] [severity "CRITICAL"] [hostname "gsc.qjx.mybluehost.me"] [uri "/.env.bak"] [unique_id "aqxWFhFTPRVSLOsRVhrx9QAAAYM"]
[Thu Sep 17 15:05:26.857943 2026] [security2:error] [pid 955873:tid 956122] [client 34.154.219.249:56422] ModSecurity: Access denied with code 409 (phase 1). RBL lookup of 249.219.154.34.vulnscan.websitewelcome.com succeeded at REMOTE_ADDR. [file "/opt/mod_security/hg_rules.conf"] [line "1568"] [id "900933"] [msg "Vulnerability Scan RBL: vulnscan.websitewelcome.com"] [hostname "autoconfig.ccrmediator.com"] [uri "/administrator/phpinfo.php"] [unique_id "aqxWFhFTPRVSLOsRVhrx-AAAAYE"]
[Thu Sep 17 15:05:26.869577 2026] [security2:error] [pid 955873:tid 956065] [client 143.244.57.120:42622] ModSecurity: Warning. Pattern match "301|404|302" at RESPONSE_STATUS. [file "/opt/mod_security/hg_rules.conf"] [line "1572"] [id "900934"] [msg "404 php LOGGING"] [data "404"] [hostname "www.seedboxpress.com"] [uri "/index.php"] [unique_id "aqxWFhFTPRVSLOsRVhrx6gAAAUg"]
[Thu Sep 17 15:05:26.869604 2026] [security2:error] [pid 955873:tid 956065] [client 143.244.57.120:42622] ModSecurity: Warning. Operator EQ matched 0 at REQUEST_HEADERS. [file "/opt/mod_security/hg_rules.conf"] [line "1575"] [id "900935"] [msg "Empty User-Agent LOGGING"] [data "404"] [hostname "www.seedboxpress.com"] [uri "/index.php"] [unique_id "aqxWFhFTPRVSLOsRVhrx6gAAAUg"]
[Thu Sep 17 15:05:26.953405 2026] [security2:error] [pid 955873:tid 956046] [client 34.166.129.237:58512] ModSecurity: Access denied with code 406 (phase 2). Pattern match "(?:\\\\b(?:\\\\.(?:ht(?:access|passwd|group)|www_?acl)|global\\\\.asa|httpd\\\\.conf|boot\\\\.ini|web.config)\\\\b|( |^|\\\\.\\\\.)/etc/|/\\\\.(?:history|bash_history|sh_history|env)$)" at REQUEST_FILENAME. [file "/etc/httpd/modsecurity.d/10_asl_rules.conf"] [line "211"] [id "390709"] [rev "30"] [msg "Atomicorp.com WAF Rules: Attempt to access protected file remotely"] [data "/.env"] [severity "CRITICAL"] [hostname "cpanel.chadstall.com"] [uri "/___proxy_subdomain_cpanel/smtp/.env"] [unique_id "aqxWFhFTPRVSLOsRVhrx-QAAATU"]
[Thu Sep 17 15:05:27.024441 2026] [security2:error] [pid 955873:tid 956061] [client 143.244.57.120:45678] ModSecurity: Access denied with code 409 (phase 1). RBL lookup of 120.57.244.143.vulnscan.websitewelcome.com succeeded at REMOTE_ADDR. [file "/opt/mod_security/hg_rules.conf"] [line "1568"] [id "900933"] [msg "Vulnerability Scan RBL: vulnscan.websitewelcome.com"] [hostname "www.seedboxpress.com"] [uri "/wp-includes/php-ai-client/src/Providers/Models/Contracts/ModelInterface.php"] [unique_id "aqxWFxFTPRVSLOsRVhrx_gAAAUQ"]
[Thu Sep 17 15:05:27.024525 2026] [security2:error] [pid 955873:tid 956061] [client 143.244.57.120:45678] ModSecurity: Warning. Operator EQ matched 0 at REQUEST_HEADERS. [file "/opt/mod_security/hg_rules.conf"] [line "1575"] [id "900935"] [msg "Empty User-Agent LOGGING"] [data "409"] [hostname "www.seedboxpress.com"] [uri "/wp-includes/php-ai-client/src/Providers/Models/Contracts/ModelInterface.php"] [unique_id "aqxWFxFTPRVSLOsRVhrx_gAAAUQ"]
[Thu Sep 17 15:05:27.060970 2026] [security2:error] [pid 955873:tid 956101] [client 34.178.167.214:53054] ModSecurity: Access denied with code 406 (phase 2). Pattern match "\\\\.backup$" at REQUEST_FILENAME. [file "/etc/httpd/modsecurity.d/10_asl_rules.conf"] [line "1279"] [id "390588"] [rev "1"] [msg "Atomicorp.com WAF Rules: Attack Blocked -  Data leakage - attempt to access backup file (disable this rule if you require access to files that end with .backup)"] [severity "CRITICAL"] [hostname "gsc.qjx.mybluehost.me"] [uri "/.env.backup"] [unique_id "aqxWFxFTPRVSLOsRVhrx_wAAAWw"]
[Thu Sep 17 15:05:27.183904 2026] [security2:error] [pid 955873:tid 956107] [client 34.166.129.237:58512] ModSecurity: Access denied with code 406 (phase 2). Pattern match "(?:\\\\b(?:\\\\.(?:ht(?:access|passwd|group)|www_?acl)|global\\\\.asa|httpd\\\\.conf|boot\\\\.ini|web.config)\\\\b|( |^|\\\\.\\\\.)/etc/|/\\\\.(?:history|bash_history|sh_history|env)$)" at REQUEST_FILENAME. [file "/etc/httpd/modsecurity.d/10_asl_rules.conf"] [line "211"] [id "390709"] [rev "30"] [msg "Atomicorp.com WAF Rules: Attempt to access protected file remotely"] [data "/.env"] [severity "CRITICAL"] [hostname "cpanel.chadstall.com"] [uri "/___proxy_subdomain_cpanel/mailing/.env"] [unique_id "aqxWFxFTPRVSLOsRVhryAQAAAXI"]
[Thu Sep 17 15:05:27.187007 2026] [autoindex:error] [pid 955873:tid 956104] [client 194.163.134.215:38820] AH01276: Cannot serve directory /home1/pqcmzsmy/public_html/: No matching DirectoryIndex (index.html.var,index.htm,index.html,index.shtml,index.xhtml,index.wml,index.perl,index.pl,index.plx,index.ppl,index.cgi,index.jsp,index.js,index.jp,index.php4,index.php3,index.php,index.phtml,default.htm,default.html,home.htm,index.php5,Default.html,Default.htm,home.html) found, and server-generated directory index forbidden by Options directive
[Thu Sep 17 15:05:27.318103 2026] [security2:error] [pid 955873:tid 956016] [client 143.244.57.120:45682] ModSecurity: Warning. Operator EQ matched 0 at REQUEST_HEADERS. [file "/opt/mod_security/hg_rules.conf"] [line "1575"] [id "900935"] [msg "Empty User-Agent LOGGING"] [data "301"] [hostname "www.seedboxpress.com"] [uri "/wp-includes/php-ai-client/src/Providers/Models/DTO/"] [unique_id "aqxWFxFTPRVSLOsRVhryDQAAARc"]
[Thu Sep 17 15:05:27.342297 2026] [security2:error] [pid 955873:tid 956098] [client 34.154.219.249:56434] ModSecurity: Access denied with code 409 (phase 1). RBL lookup of 249.219.154.34.vulnscan.websitewelcome.com succeeded at REMOTE_ADDR. [file "/opt/mod_security/hg_rules.conf"] [line "1568"] [id "900933"] [msg "Vulnerability Scan RBL: vulnscan.websitewelcome.com"] [hostname "autoconfig.ccrmediator.com"] [uri "/core/phpinfo.php"] [unique_id "aqxWFxFTPRVSLOsRVhryDgAAAWk"]
[Thu Sep 17 15:05:27.414837 2026] [security2:error] [pid 955873:tid 956058] [client 34.166.129.237:58512] ModSecurity: Access denied with code 406 (phase 2). Pattern match "(?:\\\\b(?:\\\\.(?:ht(?:access|passwd|group)|www_?acl)|global\\\\.asa|httpd\\\\.conf|boot\\\\.ini|web.config)\\\\b|( |^|\\\\.\\\\.)/etc/|/\\\\.(?:history|bash_history|sh_history|env)$)" at REQUEST_FILENAME. [file "/etc/httpd/modsecurity.d/10_asl_rules.conf"] [line "211"] [id "390709"] [rev "30"] [msg "Atomicorp.com WAF Rules: Attempt to access protected file remotely"] [data "/.env"] [severity "CRITICAL"] [hostname "cpanel.chadstall.com"] [uri "/___proxy_subdomain_cpanel/notifications/.env"] [unique_id "aqxWFxFTPRVSLOsRVhryEQAAAUE"]
[Thu Sep 17 15:05:27.446983 2026] [security2:error] [pid 955873:tid 956117] [client 20.244.34.24:65042] ModSecurity: Access denied with code 409 (phase 1). RBL lookup of 24.34.244.20.vulnscan.websitewelcome.com succeeded at REMOTE_ADDR. [file "/opt/mod_security/hg_rules.conf"] [line "1568"] [id "900933"] [msg "Vulnerability Scan RBL: vulnscan.websitewelcome.com"] [hostname "airmacinc.com"] [uri "/wp-includes/class-wpdb.php"] [unique_id "aqxWFxFTPRVSLOsRVhryEwAAAXw"], referer: binance.com
[Thu Sep 17 15:05:27.481062 2026] [security2:error] [pid 955873:tid 956087] [client 143.244.57.120:42622] ModSecurity: Warning. Operator EQ matched 0 at REQUEST_HEADERS. [file "/opt/mod_security/hg_rules.conf"] [line "1575"] [id "900935"] [msg "Empty User-Agent LOGGING"] [data "200"] [hostname "www.seedboxpress.com"] [uri "/wp-includes/php-ai-client/src/Providers/Models/DTO/"] [unique_id "aqxWFxFTPRVSLOsRVhryFAAAAV4"]
[Thu Sep 17 15:05:27.580478 2026] [security2:error] [pid 955873:tid 956052] [client 34.178.167.214:53054] ModSecurity: Access denied with code 406 (phase 2). Pattern match "\\\\.old$" at REQUEST_FILENAME. [file "/etc/httpd/modsecurity.d/10_asl_rules.conf"] [line "1263"] [id "390583"] [rev "1"] [msg "Atomicorp.com WAF Rules: Attack Blocked -  Data leakage - attempt to access backup file (disable this rule if you require access to files that end with .old)"] [severity "CRITICAL"] [hostname "gsc.qjx.mybluehost.me"] [uri "/.env.old"] [unique_id "aqxWFxFTPRVSLOsRVhryFwAAATs"]
[Thu Sep 17 15:05:27.624532 2026] [security2:error] [pid 955873:tid 956090] [client 143.244.57.120:45682] ModSecurity: Warning. Operator EQ matched 0 at REQUEST_HEADERS. [file "/opt/mod_security/hg_rules.conf"] [line "1575"] [id "900935"] [msg "Empty User-Agent LOGGING"] [data "301"] [hostname "www.seedboxpress.com"] [uri "/wp-includes/php-ai-client/src/Providers/Models/DTO/wp-includes/php-ai-client/src/Providers/Models/"] [unique_id "aqxWFxFTPRVSLOsRVhryGgAAAWE"]
[Thu Sep 17 15:05:27.652044 2026] [security2:error] [pid 955873:tid 956129] [client 34.166.129.237:58512] ModSecurity: Access denied with code 406 (phase 2). Pattern match "(?:\\\\b(?:\\\\.(?:ht(?:access|passwd|group)|www_?acl)|global\\\\.asa|httpd\\\\.conf|boot\\\\.ini|web.config)\\\\b|( |^|\\\\.\\\\.)/etc/|/\\\\.(?:history|bash_history|sh_history|env)$)" at REQUEST_FILENAME. [file "/etc/httpd/modsecurity.d/10_asl_rules.conf"] [line "211"] [id "390709"] [rev "30"] [msg "Atomicorp.com WAF Rules: Attempt to access protected file remotely"] [data "/.env"] [severity "CRITICAL"] [hostname "cpanel.chadstall.com"] [uri "/___proxy_subdomain_cpanel/notify/.env"] [unique_id "aqxWFxFTPRVSLOsRVhryGwAAAYg"]
[Thu Sep 17 15:05:27.791074 2026] [security2:error] [pid 955873:tid 956029] [client 88.99.80.227:62228] ModSecurity: Warning. Matched phrase "oBot" at REQUEST_HEADERS:User-Agent. [file "/opt/mod_security/hg_rules.conf"] [line "168"] [id "350001"] [msg "BAD BOT - Detected LOGGING"] [data "200"] [hostname "www.endless-chronicles.com"] [uri "/index.php"] [unique_id "aqxWFxFTPRVSLOsRVhryJwAAASQ"], referer: http://www.endless-chronicles.com
[Thu Sep 17 15:05:27.810836 2026] [security2:error] [pid 955873:tid 956031] [client 34.154.219.249:56450] ModSecurity: Access denied with code 409 (phase 1). RBL lookup of 249.219.154.34.vulnscan.websitewelcome.com succeeded at REMOTE_ADDR. [file "/opt/mod_security/hg_rules.conf"] [line "1568"] [id "900933"] [msg "Vulnerability Scan RBL: vulnscan.websitewelcome.com"] [hostname "autoconfig.ccrmediator.com"] [uri "/includes/phpinfo.php"] [unique_id "aqxWFxFTPRVSLOsRVhryKAAAASY"]
